he value of 17 + 5 + -6 - 9?
7
What is -1 - (1 - (2 - (6 - 7)))?
1
What is the value of 49 + -42 - (1 - 2)?
8
What is (1 - (-3 + -1)) + -5?
0
Evaluate 5 - (-3 - (-4 - -6)).
10
What is the value of 5 - (11 + 1 - 3)?
-4
Evaluate 3 + (6 - (5 - -3)).
1
3 + 0 - (14 + (-17 - -9))
-3
What is the value of (15 - 10) + (0 - 2) + -5?
-2
Evaluate -11 + 24 + -3 + -3.
7
What is the value of 9 + 9 + -18 + -3 + 1?
-2
What is the value of (-19 - -13) + (-1 - -6) + -5?
-6
What is the value of (11 - 2) + -1 + -3?
5
What is -4 + (11 + -26 - -12)?
-7
What is the value of 2 + (-1 - (-1 + -1))?
3
Evaluate 3 + -1 - (10 - -2 - 0).
-10
Calculate -2 + -6 - -9 - -3.
4
-5 + 3 + -2 + -1
-5
(0 - 0) + -6 + (100 - 95)
-1
What is the value of -9 - -4 - (5 - 8)?
-2
What is 2 - ((0 - (-4 - -8)) + 5)?
1
Calculate 3 + (0 - (2 - 3)) + -12.
-8
(0 - (3 - 7)) + (-3 - -4)
5
Calculate 10 + 4 + -11 + 1 + -5.
-1
Evaluate -2 + 6 - (-3 + 3 + 4).
0
Evaluate -4 - -2 - (-3 + 2).
-1
Calculate (-1 - -11) + -9 - (-4 + 2).
3
(-3 - ((-7 - 4) + 1)) + -3
4
14 - 11 - (1 - (-8 + 1))
-5
Calculate (8 - 7) + 4 - -1.
6
What is the value of 5 + 1 + (17 - 25)?
-2
What is the value of 8 + 3 + (-8 - 1) + 4?
6
2 - -4 - 4 - (3 + 0)
-1
What is (-12 + 4 - -9) + -1?
0
Calculate -7 + (-10 - -10) + 9.
2
Calculate (1 - -3) + -1 + -8 + 12.
7
Calculate -5 + (-2 + 0 - -4).
-3
What is 11 - (12 - 12) - 5?
6
Calculate -2 + 4 + 3 + 0 + -3.
2
What is the value of (10 - 10 - -15) + -9?
6
Evaluate -10 - (-6 - (7 - 4)).
-1
What is (-6 - -2) + 2 + 6?
4
Calculate (-14 - -11 - (-4 + 1)) + 4.
4
What is -4 + -1 + -5 - -9?
-1
-4 + (2 + 0 - -3) + -3
-2
What is -14 - -4 - (-4 + 0 - -1)?
-7
Calculate 1 + 11 + -22 - -15.
5
Calculate 1 + -3 + (-13 - (0 + -9)).
-6
Calculate -2 - (-2 - (-1 + 0)) - 1.
-2
Evaluate 2 + 3 + (0 - (5 - 1)).
1
Calculate -3 + 3 + -4 + 3 + -1.
-2
What is 0 + 3 + -2 + 3?
4
Evaluate -8 + (6 - 1) + -2 + 6.
1
-7 - (-3 - ((0 - 4) + 7))
-1
-4 - -9 - (-6 + 8)
3
What is (-7 - -3) + 8 - -1?
5
What is the value of (2 - 6) + (1 - 1) - 0?
-4
Evaluate 1 + 3 + 15 + -13.
6
What is the value of (-2 - -4) + 1 - (5 - 1)?
-1
What is (-11 - -1) + 0 + 14?
4
What is -3 - (-2 + (-1 - -3))?
-3
Evaluate -14 - -19 - (-3 + (3 - -1)).
4
What is 1 + 4 + -9 - -1?
-3
What is the value of (7 - (-2 - -7)) + (-1 - 2)?
-1
What is -10 - (0 - 1) - (-2 - 2)?
-5
Calculate -7 + -2 + (13 - 7).
-3
Calculate -9 - (-11 + 21 + -23).
4
What is (4 + -3 + -1 - 1) + 0?
-1
Evaluate -7 + 3 + (4 - 1).
-1
Evaluate -10 + (-7 + -1 - -18).
0
What is the value of 0 - (5 + -3 + -2)?
0
What is the value of -4 + (-4 + (1 - -3) - -1)?
-3
Calculate (18 + -12 - (0 + 4)) + -6.
-4
0 - (3 - 1 - (1 + 7))
6
1 - ((4 - 7) + 5)
-1
Calculate 1 + 8 + 2 - 7.
4
Evaluate -11 - (-13 + 4) - -11.
9
Evaluate -1 + 7 - (3 + -5).
8
Evaluate -2 + 5 + -11 + 8.
0
What is the value of 9 + -8 - (6 - (1 + 0))?
-4
(1 - 6) + -17 + 18 + 11
7
What is (-2 + -4 - -2) + 9?
5
Calculate -10 + 7 - (-10 + (0 - -2)).
5
5 + 2 + -8 + 0
-1
Calculate (-2 - 5) + 3 + 2 - -1.
-1
What is -2 + 7 + -10 + 5?
0
Calculate (-16 - -15) + 4 + 1.
4
Calculate 1 + 2 + -6 + -2 - 2.
-7
What is 2 + -1 - (0 + -2)?
3
Evaluate (-4 - -5) + 2 - (4 - 1).
0
Calculate (-6 - 14) + 27 + -2 + 1.
6
What is -5 + 4 + 0 + 2 + -2?
-1
Calculate -2 + -2 + 6 + -2.
0
Calculate 5 + (4 + -3 - 5) + -4.
-3
What is -23 + 19 - (-6 - -3)?
-1
Calculate -3 + -1 - (6 + -6).
-4
What is -4 + 17 + 1 + -7?
7
Evaluate 2 + 2 + 1 + (3 - 3).
5
Evaluate -2 + 7 + 3 + -10.
-2
Calculate 6 - 0 - (9 - 0).
-3
Evaluate 58 + -56 - (-1 + 7).
-4
What is -1 - (0 - (-1 - -6))?
4
What is the value of (2 - 12) + -1 + 7?
-4
What is the value of 10 + -15 + (0 - -4) - -6?
5
Evaluate -1 + -6 + (3 - (-3 + 3)).
-4
Calculate 0 - (4 - (-7 + 15)).
4
What is the value of (-1 - -5) + -7 + 5 + -1?
1
2 - (-2 + 2 + -1) - -1
4
Calculate 1 + 1 - ((9 - 0) + -6).
-1
-4 - (3 + -7 + -1)
1
Calculate 1 + -5 + 0 + 19 + -18.
-3
What is (-5 - -3) + -3 + -2 + 5?
-2
Calculate -2 - (8 + 2 + -11).
-1
Evaluate 1 - (0 + -1 + -3).
5
What is 8 + (4 - 2) + 7 + -13?
4
-4 + (0 - ((-1 - -4) + -5))
-2
(1 - -5) + 2 + 0 + -4
4
Calculate -14 - (-9 - (11 - 7)).
-1
Calculate 13 + 2 + -2 + -10.
3
What is (-3 - 0) + (2 - -2)?
1
8 - (7 - (-10 + 10))
1
What is the value of 1 + (-2 + -2 - -1 - -7)?
5
-9 - (-4 + -3 + 3)
-5
What is the value of (5 - 6) + 6 + 2 + -5?
2
Evaluate -1 + 18 - (2 - -3) - 1.
11
Evaluate 3 - (1 - (4 + (6 - 6))).
6
Calculate 0 + -3 + (-1 - -2).
-2
What is the value of -4 + (-1 + 0 - -2) - 0?
-3
Calculate (9 + -1 - (-10 - -15)) + -7.
-4
Calculate -5 - (0 - (-5 + 5)).
-5
What is the value of -10 + 10 - (3 + 1 + -3)?
-1
What is (0 - 4) + (-9 - -5) + 5?
-3
5 - (7 - (-3 + 5))
0
Evaluate 9 - (-4 + 18) - (-11 - -1).
5
Evaluate 0 + (-4 - (3 + -4)).
-3
Calculate -1 + 12 + (-6 + 4 - 1).
8
-1 - 4 - (4 + -2 + -2)
-5
-11 + (-6 - -4) + 6 + -2
-9
Evaluate -9 + 16 + -4 + 1 + -10.
-6
What is 0 + 6 - ((5 - 10) + 7)?
4
Evaluate (-14 - (10 + -24)) + -6.
-6
What is the value of 2 - 3 - -4 - 1?
2
-39 + 41 + (1 - (2 - -2))
-1
Calculate -1 + -2 + (6 - (-6 - -7)).
2
What is the value of -4 - ((-1 - -2) + 0)?
-5
Evaluate -4 + 4 + 14 + -10.
4
Evaluate (-1 + 10 - 5) + -1.
3
What is (-3 - -8) + -1 + -2?
2
Calculate 1 - (-2 - (-5 - 1)).
-3
What is the value of (3 - -1) + -11 - -9?
2
(3 - 6 - -6) + 4
7
3 + 2 + 0 - (-4 + 4)
5
What is 3 - (3 - (5 - 2) - 2)?
5
(0 - (-12 - 7)) + -12
7
Calculate 1 + 0 - (-4 - -7 - 4).
2
What is the value of 10 + 2 + (-40 - -30)?
2
0 - (18 - (16 + -2))
-4
5 + -3 + (6 - (-2 + 5))
5
Evaluate 3 + 2 - (34 - 31).
2
-1 - ((10 - 9) + (0 - 1))
-1
Evaluate (6 - (-5 - -4)) + -2.
5
What is 0 + (-1 - (1 + 3))?
-5
Evaluate -4 + 4 + 5 + -6.
-1
Calculate 2 + -2 + (-15 - -19).
4
What is 2 - (8 + (-8 - -6))?
-4
What is (-1 - 0) + (4 - -1)?
4
4 - (-2 - -8) - -10
8
-49 + 49 - (1 + 1)
-2
What is the value of (-1 - (-4 + (2 - 2))) + 0?
3
Evaluate (-6 - -6) + 4 - (0 + 1).
3
Evaluate 0 + (2 + 1 - (4 - 2)).
1
What is 1 + -7 + -1 + 4?
-3
Calculate -2 + -2 + 9 + -1 + -5.
-1
What is (9 - 6) + -1 + 0 - 3?
-1
What is 6 - (15 + -5 + -1)?
-3
0 + -7 + (-1 - -5)
-3
Evaluate 0 + -6 + (5 - (-4 + 9)).
-6
-3 - (1 + 0 - 8)
4
Evaluate 11 - (-5 + -2 + 2 + 11).
5
What is the value of 2 + 12 + 0 + -9?
5
What is (11 - 6 - 7 - -10) + -2?
6
What is 2 - (-3 + 2) - (1 - 4)?
6
Calculate 6 + -6 + (3 - 2) + 0.
1
Calculate 2 + (6 - 9) + 3.
2
What is the value of (-5 - (2 + -2) - -2) + -2?
-5
What is 4 + (-16 + 4 - -4)?
-4
What is the value of -3 + 1 - (-18 + 13)?
3
-8 - ((-4 - 5) + 2)
-1
(3 - (-3 - -5)) + 6
7
-1 + 3 - (21 - (-4 - -18))
-5
What is the value of 10 + (-17 + 13 - 10)?
-4
What is the value of -23 - -24 - (3 - 9)?
7
Calculate -8 + 1 + (-5 - (0 - 9)).
-3
Calculate 0 - 0 - (2 + -4 + 3).
-1
Calculate 9 + (-6 + 1 - 6).
-2
Evaluate -4 + (-6 - (-5 - 1)).
-4
What is 1 - (5 - (-1 + 6))?
1
4 + -3 + -7 - -12
6
Calculate (2 - 10) + 1 + 2.
-5
What is the value of 2 + -1 - (-5 - (-6 + 0))?
0
Calculate 6 + -1 + -3 + -5 + 2.
-1
What is the value of (-2 + -2 - -2) + -2?
-4
Evaluate -8 + 7 + 1 + 5.
5
Calculate 2 + 4 + (-6 - (-2 + 4)).
-2
What is the value of -6 + (0 - (-8 - 2))?
4
What is the value of -4 - -1 - (182 + -177)?
-8
What is the value of 45 + -46 - (-5 + 0)?
4
What is the value of -7 + (24 - (-1 - (-5 - 2)))?
11
Calculate -3 - -4 - (-3 + -3 + 5).
2
What is 3 + (5 - 12 - -1) + 14?
11
-3 - (0 - (-1 - 0))
-4
What is the value of 0 + -4 + 1 - 5?
-8
Calculate 7 - (-7 - (-6 - (7 - -4))).
-3
Calculate 1 - (14 + -14) - (4 + 1).
-4
What is the value of -2 + -5 - (-10 + 1 + -7)?
9
Evaluate -1 + -3 + (-2 - (-9 + 7)).
-4
Calculate (1 - -5 - 9) + 4.
1
Calculate (-7 - 10) + -17 + 24.
-10
What is 3 + -1 + -2 - (2 - -3)?
-5
Calculate 2 + 4 - (25 + -21).
2
1 + -3 + (7 - (3 + -1))
3
What is the value of 0 - 6 - (0 + (2 - 4))?
-4
Calculate (-2 + 3 - 4) + (6 - 8).
-5
Calculate -31 + 26 + (6 - (1 + 1)).
-1
Evaluate (0 - -4) + (-18 - -17).
3
What is 101 - 94 - (0 + -1)?
8
What is 8 + (0 + 6 - 10)?
4
Evaluate (-1 - 5) + -4 + (6 - 1).
-5
Calculate 11 - (-1 - (-4 - 2)).
6
What is 15 + -11 - (3 - 1)?
2
What is -3 + (-4 - -6 - -6) - 4?
1
Evaluate -23 + 19 + (0 - -2 - 1).
-3
Evaluate -6 + -25 + 18 + (4 - -2).
-7
0 + 1 + -2 + 1 + -2
-2
Evaluate 4 + (-13 - 0 - -4) + 1.
-4
1 + 3 + -2 + 0 + 1
3
Calculate 7 + -18 - (-5 - -1).
-7
What is -1 - -10 - 7 - (3 + -8)?
7
(3 - 1) + (3 - (-1 - -7))
-